368995.
5, 7, 15696257
What are the prime factors of 80997311?
3119, 25969
What are the prime factors of 1559995807?
97, 1091, 14741
What are the prime factors of 1229842810?
2, 5, 7, 139, 126397
What are the prime factors of 1432694511?
3, 29, 43, 127657
What are the prime factors of 23307023?
23307023
What are the prime factors of 548395633?
3559, 154087
List the prime factors of 71199994.
2, 31, 1148387
What are the prime factors of 5488376384?
2, 1289, 66529
What are the prime factors of 65400588?
2, 3, 11, 55051
List the prime factors of 6109889.
6109889
What are the prime factors of 3790287?
3, 140381
List the prime factors of 13164222.
2, 3, 17, 129061
List the prime factors of 288164272.
2, 11, 661, 2477
List the prime factors of 1011045831.
3, 37, 9108521
List the prime factors of 8491359.
3, 173, 16361
What are the prime factors of 583883244?
2, 3, 7, 23, 131, 769
What are the prime factors of 815956854?
2, 3, 17, 7999577
What are the prime factors of 32053502?
2, 13, 269, 4583
List the prime factors of 144972149.
7, 20710307
What are the prime factors of 111600030?
2, 3, 5, 269, 13829
List the prime factors of 5195843277.
3, 1731947759
What are the prime factors of 783458848?
2, 163, 150203
What are the prime factors of 52870531?
7, 31, 243643
List the prime factors of 245746762.
2, 71, 73, 151, 157
What are the prime factors of 44125398?
2, 3, 90793
What are the prime factors of 81068617?
7, 73, 158647
What are the prime factors of 272839753?
19, 109, 131743
What are the prime factors of 122438688?
2, 3, 59, 21617
What are the prime factors of 6021906?
2, 3, 11, 23, 3967
What are the prime factors of 37060859?
11, 73, 46153
What are the prime factors of 1992378395?
5, 7, 41, 619, 2243
List the prime factors of 2907880555.
5, 19, 197, 155377
List the prime factors of 12912969.
3, 4304323
List the prime factors of 125698515.
3, 5, 8379901
What are the prime factors of 311806116?
2, 3, 8661281
List the prime factors of 121875185.
5, 101, 241337
List the prime factors of 442909432.
2, 7, 17, 66463
What are the prime factors of 1661412211?
59, 521, 54049
What are the prime factors of 2282590314?
2, 3, 2377, 17783
What are the prime factors of 148240099?
7, 53, 463, 863
What are the prime factors of 757385067?
3, 4793, 52673
List the prime factors of 49774668.
2, 3, 23, 7841
List the prime factors of 43191885.
3, 5, 11, 67, 3907
List the prime factors of 50959211.
50959211
What are the prime factors of 255174664?
2, 167, 389, 491
List the prime factors of 33111787.
1423, 23269
What are the prime factors of 1294455529?
47, 149, 184843
What are the prime factors of 3750095415?
3, 5, 11, 29, 783719
What are the prime factors of 815208459?
3, 13, 20902781
What are the prime factors of 3395095307?
15173, 223759
What are the prime factors of 93966658?
2, 5927, 7927
What are the prime factors of 266971058?
2, 37, 1823, 1979
What are the prime factors of 107796929?
23, 1439, 3257
What are the prime factors of 183248257?
183248257
List the prime factors of 1527239085.
3, 5, 181, 562519
What are the prime factors of 2473808?
2, 154613
List the prime factors of 5702199529.
13, 438630733
List the prime factors of 71308028.
2, 11, 37, 43801
List the prime factors of 1544279590.
2, 5, 7, 257, 12263
What are the prime factors of 585700419?
3, 195233473
List the prime factors of 137707067.
137707067
List the prime factors of 77209200.
2, 3, 5, 2383
List the prime factors of 1631061269.
37, 44082737
What are the prime factors of 3698966668?
2, 151, 1319, 4643
List the prime factors of 77941888.
2, 643, 947
What are the prime factors of 2360923234?
2, 29, 31, 1313083
List the prime factors of 389681400.
2, 3, 5, 649469
What are the prime factors of 734485926?
2, 3, 19, 59, 109201
List the prime factors of 278339803.
7, 39762829
What are the prime factors of 78124388?
2, 19531097
What are the prime factors of 4231313290?
2, 5, 423131329
What are the prime factors of 1808366402?
2, 59, 15325139
List the prime factors of 221975152.
2, 7, 1981921
What are the prime factors of 693618746?
2, 346809373
List the prime factors of 4768973955.
3, 5, 35325733
What are the prime factors of 3445489515?
3, 5, 13, 17669177
What are the prime factors of 258263538?
2, 3, 13, 1567, 2113
List the prime factors of 8010728.
2, 11, 29, 43, 73
What are the prime factors of 133392020?
2, 5, 43, 109, 1423
List the prime factors of 6143648003.
17, 5647, 63997
What are the prime factors of 1307502306?
2, 3, 11, 47, 109, 1289
List the prime factors of 1023178795.
5, 97, 2109647
What are the prime factors of 278163654?
2, 3, 103, 450103
List the prime factors of 20122877.
347, 57991
What are the prime factors of 62879607?
3, 7, 19, 131, 401
What are the prime factors of 1967591242?
2, 313, 3143117
What are the prime factors of 73930067?
5867, 12601
What are the prime factors of 2943291073?
17, 2749, 62981
List the prime factors of 185565111.
3, 61, 631, 1607
What are the prime factors of 38188195?
5, 19, 401981
What are the prime factors of 56483973?
3, 7, 13, 79, 97
What are the prime factors of 133129490?
2, 5, 13, 1024073
List the prime factors of 396978162.
2, 3, 7, 53, 139, 1283
List the prime factors of 94036336.
2, 1601, 3671
List the prime factors of 241590571.
241590571
List the prime factors of 1858813587.
3, 206534843
List the prime factors of 4174468198.
2, 2087234099
What are the prime factors of 210294946?
2, 5849, 17977
List the prime factors of 3713052362.
2, 1856526181
What are the prime factors of 1498712422?
2, 31, 24172781
List the prime factors of 69642056.
2, 11, 791387
What are the prime factors of 47862701?
17, 23, 167, 733
What are the prime factors of 500546025?
3, 5, 7, 83, 547
What are the prime factors of 1258792384?
2, 367, 53593
List the prime factors of 1239089781.
3, 37, 11162971
List the prime factors of 3281167264.
2, 102536477
What are the prime factors of 1830073798?
2, 7, 23, 37, 153607
List the prime factors of 151862746.
2, 7, 107, 101377
What are the prime factors of 58907717?
11, 181, 29587
What are the prime factors of 1047108069?
3, 7, 19, 874777
What are the prime factors of 416465540?
2, 5, 3079, 6763
What are the prime factors of 414200526?
2, 3, 69033421
List the prime factors of 130687522.
2, 7, 139, 67157
List the prime factors of 7039438164.
2, 3, 11, 53, 83, 449
List the prime factors of 227578348.
2, 56894587
List the prime factors of 17496348.
2, 3, 73, 19973
What are the prime factors of 969067101?
3, 323022367
What are the prime factors of 18502306?
2, 1289, 7177
What are the prime factors of 153411430?
2, 5, 15341143
List the prime factors of 2634650904.
2, 3, 109777121
List the prime factors of 4525203605.
5, 13, 69618517
List the prime factors of 1071130.
2, 5, 43, 47, 53
What are the prime factors of 75557049?
3, 25185683
What are the prime factors of 52002383?
52002383
What are the prime factors of 80690030?
2, 5, 1483, 5441
What are the prime factors of 866511010?
2, 5, 29, 2987969
List the prime factors of 442000090.
2, 5, 7, 41, 449
What are the prime factors of 926063554?
2, 13, 29, 94477
List the prime factors of 26576170.
2, 5, 2657617
List the prime factors of 710803969.
710803969
List the prime factors of 1391468645.
5, 7, 4507, 8821
What are the prime factors of 890938005?
3, 5, 23, 211, 12239
What are the prime factors of 1286676713?
7, 19, 79, 139, 881
List the prime factors of 40379985.
3, 5, 113, 2647
What are the prime factors of 1691591489?
7, 19, 29, 41, 563
What are the prime factors of 67282299?
3, 7, 317, 1123
What are the prime factors of 256181486?
2, 11, 1669, 6977
List the prime factors of 502014548.
2, 7, 257, 69763
List the prime factors of 896788635.
3, 5, 67, 809, 1103
List the prime factors of 36551943.
3, 239, 16993
List the prime factors of 6747058168.
2, 843382271
What are the prime factors of 44494136?
2, 53, 101, 1039
List the prime factors of 958306033.
958306033
What are the prime factors of 22790611?
31, 735181
What are the prime factors of 50246224?
2, 7, 448627
List the prime factors of 11956974.
2, 3, 241, 8269
What are the prime factors of 877096485?
3, 5, 31, 209581
What are the prime factors of 23436453?
3, 127, 137, 449
What are the prime factors of 77770657?
77770657
List the 